k?
1
Suppose 8 + 5 = 3*v + g, -3*g = -2*v - 6. Suppose -1276 = -2*y + v*q, 0 = -2*y + 5*q + 1243 + 25. What is the tens digit of y?
4
Let v = -12967 + 21002. What is the units digit of v?
5
Suppose 0 = w + 4*z + 788, z + 0*z - 4 = 0. Let r = -522 - w. What is the units digit of r?
2
Let y be -1 + 6 - 12/(60/(-124145)). Suppose y = 18*f + 1848. What is the hundreds digit of f?
2
Let c(p) = 325*p**3 - 13*p**2 + 14*p + 10. What is the units digit of c(4)?
8
Let m be (-41 + 3 + -10)*1/(-3). Suppose 24*o - 40240 = -m*o. What is the thousands digit of o?
1
Let l(m) = 24*m**2 + 48*m + 61. What is the thousands digit of l(24)?
5
Let a(p) = 631*p**2 - 9*p - 85. What is the thousands digit of a(6)?
2
Suppose 2*f - 4*m = -m + 9, -f + 5*m = -22. Let r(t) = -98*t - 9. What is the units digit of r(f)?
5
Let s = 90 - -7. Let a = -93 + s. Suppose a*x - 336 = -132. What is the units digit of x?
1
Let q(s) = 68*s + 7. Let y(v) = -69*v - 6. Let l(u) = 4*q(u) + 5*y(u). Let a be l(-2). Suppose -71 = -5*t + a. What is the tens digit of t?
4
Let v(n) = -3*n**3 - 26*n**2 + 13*n - 24. Let q be v(-12). What is the units digit of (q/8 - 5)*2?
5
Let u(j) = -18 + 87*j + 2 + 9 - 6. What is the units digit of u(4)?
5
Let x(u) = 6*u**2 - 13*u - 7. Suppose 0 = 5*n - 3*a + 48, 4*n - a = -8 - 29. What is the tens digit of x(n)?
9
Let n be (0 + (-6)/(-4))*(11 - 9). Suppose n*y - 8*y = -185. Suppose 0 = 3*p - 8 - y. What is the tens digit of p?
1
Let o = -279 - -120. Let k = 227 + o. What is the tens digit of k?
6
Let m(p) = -p + 35. Let o be m(19). Suppose 15*t = o*t - 6. Suppose d - 3*z - 187 = -d, t = 2*z. What is the units digit of d?
8
Let x be ((-1732)/(-1))/4 + 1*3. Let l = -421 + x. What is the units digit of l?
5
Let y = 3721 - 1430. What is the tens digit of y?
9
Let p(b) = 16*b - 124. Let o be p(8). Suppose o*k - 343 = s - 4*s, -3*k = -2*s - 236. What is the units digit of k?
2
Let j = -5919 - -6560. What is the tens digit of j?
4
Suppose k - q = 4*q + 8, -3*k + 3*q = -12. Suppose -12*v - 7 = -55. Suppose -t + 5*u + 44 = 0, 154 = k*t + v*u + 22. What is the units digit of t?
4
Let m(t) = t**3 + 60*t**2 + 119*t - 117. What is the hundreds digit of m(-28)?
6
Suppose 150 + 80 = 10*f. Suppose -5*m + 322 = 4*y, y - 3*m - 49 = f. Let n = 12 + y. What is the units digit of n?
0
Let b = -286 + 287. What is the hundreds digit of (b + 0)*548 + -17 + 14?
5
Let r be (65/3)/((-27)/(-81)). Let s = -44 + r. What is the units digit of s?
1
Let j = 18141 - 4415. What is the tens digit of 1 + j/14 + (-63)/147?
8
Let f(b) = 9*b**2 + 4*b + 2. Suppose -3*a - 10*a - 26 = 0. What is the units digit of f(a)?
0
Suppose 151257 = 29*x - 843240. What is the hundreds digit of x?
2
Suppose 0 = -w - 1 - 0. Let u(q) = -7 + 4 - 478*q + 551*q - 280*q - 3. What is the tens digit of u(w)?
0
Let g(p) = -2194*p + 840. What is the tens digit of g(-4)?
1
Let i(h) = -h**2 - 11*h + 7. Let j be i(-12). Let k(l) = -19*l + 9. Let p(g) = -20*g + 8. Let a(s) = j*k(s) + 6*p(s). What is the tens digit of a(-3)?
7
Let c be 13/5 + 21/(-35). Let o be (1 + -1 - c)/(2/(-336)). Suppose -2*r = 34 - o. What is the tens digit of r?
5
Let v(z) = 63*z + 214. Let s(n) = 62*n + 210. Let c(t) = -5*s(t) + 4*v(t). What is the thousands digit of c(-30)?
1
Suppose 82*l = 78*l + 171360. What is the hundreds digit of l/68 - -1*(3 - -1)?
6
Let m = 198 + -195. Suppose -322 = 3*s - 4*s + 2*f, 1575 = 5*s - m*f. What is the hundreds digit of s?
3
Let k be -9 - (1/(-2)*0 - 1). What is the units digit of (((-864)/(-21))/k)/(4/(-266))?
2
Suppose -11 = -2*l - b, 3*l - 19 = -4*b + 5. Let x = -245 - -245. Suppose x*t = -3*t + 3*j + 90, 0 = -2*t - l*j + 36. What is the units digit of t?
6
Suppose -14*z + 61176 = -112074. What is the units digit of z?
5
Let i(f) = -61 - 3*f + 16 + 26. Let r = 12 + -31. What is the tens digit of i(r)?
3
Let h(b) = -3051*b + 3939. What is the tens digit of h(-7)?
9
Suppose 0 = -219*w + 222*w - 6606. Suppose 3*y + 9*a - 1651 = 10*a, -4*y + a + w = 0. What is the units digit of y?
1
Let a(b) = -b**3 + b**2 + b. Let p(t) = -7*t**3 + t - 7. Let j(u) = u**2 - u + 1. Let s be j(1). Let v(w) = s*p(w) - 6*a(w). What is the units digit of v(-7)?
7
Suppose 9*s = -0*s. Let v(m) = -m**3 - 2*m + 2. Let a be v(s). Let p(d) = 27*d**2 - 3*d - 3. What is the tens digit of p(a)?
9
Let q = -27841 + 39220. What is the units digit of q?
9
Let c(r) = -3*r**3 - 3*r**2 - 4*r - 2. Let l be c(-1). Suppose l*t = -q + 951, 4*q - 6*q = -t + 473. What is the units digit of t?
5
Let y be 13/3*(11 + -68). Let a = 584 + y. What is the tens digit of a?
3
Let h = 50 + -47. Suppose -3*n - 41 = -4*z, 0 = h*z - 5*n - 13 - 15. Suppose -197 - z = -2*b. What is the tens digit of b?
0
Let x = 650 - -23. Let t = 910 - x. What is the units digit of t?
7
Suppose -10605 = -19*k - 2*k. Suppose -t - k = -5*t + a, -225 = -2*t - 5*a. Let s = t - 2. What is the hundreds digit of s?
1
What is the hundreds digit of (0 - (-9412 - -4)) + (-11)/(121/44)?
4
Let l(w) = -359 - 140 + 104 - 3*w - 7*w. What is the units digit of l(-41)?
5
Let z(c) = 20*c**2 - 56*c + 1. Let v(r) = -7*r**2 + 19*r. Let k(h) = -17*v(h) - 6*z(h). Let a be k(4). Suppose -38 = -s + a. What is the tens digit of s?
6
Let h(d) be the first derivative of -5*d**3/3 - 33*d**2/2 - 6*d - 31. Let m be h(-6). What is the units digit of -1 + (1*35 - m/(-6))?
6
What is the units digit of (-74)/((-17 - -45)/(-7)*1/474)?
9
Let j(p) = 2*p**2 - 9*p + 2. Let z be j(5). Suppose 0 = -c + z - 2. Suppose c*q - 387 = 313. What is the tens digit of q?
4
Let a = 37 + -33. Suppose 3*x = -a*o, 6*x - 5*o = 2*x. Suppose -3*m + s + 94 = x, -3*s = -2*s + 4. What is the units digit of m?
0
Let y(f) be the first derivative of f**3 + 4*f + 1196 - 1202 + 0*f**3 + 4*f**2. What is the units digit of y(4)?
4
What is the tens digit of ((7732/(-5))/1)/((-548)/4110)?
9
Let l = 19983 + -6663. What is the thousands digit of l?
3
Let x(q) = -52*q**3 + 3*q**2 + 4*q + 1. Let f be x(2). Let t = 677 + f. What is the hundreds digit of t?
2
Let r(h) = 83*h**3 - 4*h**2 + 68*h - 450. What is the units digit of r(8)?
4
Suppose 0 = -7*d + 21*d - 644. Let g = 14 - 12. Suppose -g*m + 5*o = -30, 3*o + 28 = 4*m - d. What is the units digit of m?
0
Let d = -3135 + 4820. What is the thousands digit of d?
1
What is the tens digit of ((-14)/84*6)/(1 - 7006/7005)?
0
Let o(v) be the second derivative of 61*v**4/6 + 7*v**3/6 - 11*v**2/2 + 17*v - 1. What is the units digit of o(2)?
1
Let a(l) = 9*l**2 + 83*l + 3. What is the hundreds digit of a(-20)?
9
Let f(c) = -4*c**3 - 130*c**2 - 67*c + 32. What is the hundreds digit of f(-35)?
6
Let q(f) = -351*f - 40. What is the hundreds digit of q(-5)?
7
Let c = 31733 - 6287. What is the ten thousands digit of c?
2
Let q(m) = m**3 + 6*m**2 + m - 16. Let r be q(-5). Suppose 2*x = -2*t + 312, -5*x + r*x + t = -152. What is the units digit of x?
4
Suppose 5 + 75 = 16*t. Suppose 3*z = 4 + 8. Suppose 2*l + z*p - 252 = 0, 272 + 349 = t*l + p. What is the tens digit of l?
2
Suppose -3*n + 48294 = 4*q, -83*n + 88*n + 4*q = 80474. What is the tens digit of n?
9
What is the hundreds digit of (60/(-90))/((-166850)/(-166854) - 1)?
8
What is the thousands digit of (2 - -140)*21 + -5?
2
Let g = 66613 + -9896. What is the hundreds digit of g?
7
Let m = -1825 + 2694. What is the tens digit of m?
6
Suppose -66*o + 536205 + 378159 = 0. What is the hundreds digit of o?
8
Let c = -884 + 1309. Suppose 0 = 4*u + 5*h + 73, -4*u - 65 = -3*h - 0*h. What is the units digit of ((-16)/5)/(u/c)?
0
Suppose 5*x = 0, -4*x = 182*t - 184*t + 120070. What is the thousands digit of t?
0
Suppose -21*m + 5*m = -2160. Let o be 2/6 - 480/9. Let y = o + m. What is the units digit of y?
2
Suppose 9274 = 30*w - 8*w - 21*w. What is the tens digit of w?
7
Let w = 1590 + 7293. What is the thousands digit of w?
8
Suppose -122*x = -5*z - 119*x + 144697, -5*z - 4*x + 144669 = 0. What is the ten thousands digit of z?
2
Let j = -68 + 249. Let c = -473 + j. What is the units digit of (-5 + 0 - c)/1?
7
Suppose 3*j + 1720 = 2*f - 2306, 2*j - 3*f + 2684 = 0. Let k = j + 1912. What is the hundreds digit of k?
5
Suppose -n + 50 - 10 = 0. Let q be 172*5/n*2*-1. Let x = q + 47. What is the units digit of x?
4
Suppose 0 = 5*s + 29*b - 25*b - 30583, -s + 4*b + 6083 = 0. What is t